 - 11) + -1 + -6?
-1
What is -2 - 0 - (12 - 17)?
3
What is 1 - (-2 + (1 - -7)) - 0?
-5
What is the value of 0 + (-3 - (-5 + -2))?
4
What is (35 - 38) + (-1 + 2 - 0)?
-2
Evaluate (-1 - 1) + -2 + 2.
-2
Calculate -10 + (6 - 13) + 18.
1
What is -5 - (1 - 2) - -3?
-1
Evaluate 13 - 11 - (-3 - (1 + -3)).
3
(2 - 5) + 9 - 3
3
What is the value of (-10 + 11 - (-3 + -14)) + -8?
10
Evaluate (-10 - -12) + 2 + -1 + -2.
1
Evaluate -5 + ((4 - 3) + -1 - 1).
-6
What is 3 - (1 - -4) - -1 - 0?
-1
What is -5 + (-5 - (-1 - 11 - -6))?
-4
What is 3 - (-1 + (0 - -2) + 3)?
-1
3 + -14 + 14 + -7
-4
What is -12 - (5 + -11) - -1?
-5
-4 - -4 - (-1 + -2 - -8)
-5
Evaluate 0 + -8 + 3 + -4.
-9
Evaluate (-7 - (-3 + -1)) + (0 - -5).
2
Evaluate 19 + (-1 - (-6 + 12)) + -5.
7
What is the value of -3 + -1 + (18 - 14)?
0
Evaluate (-7 - -12) + -17 + 9.
-3
What is -5 + -1 + (3 - -1)?
-2
-236 + 235 - (5 - 0)
-6
Calculate 7 + -8 + -1 + -1.
-3
What is the value of 3 - 1 - (6 - 0 - 1)?
-3
Calculate 2 + 1 + 14 + -13.
4
What is the value of 2 + 5 + (0 - 3)?
4
Calculate -13 + (17 - 4) + 5.
5
Calculate -1 - 1 - (12 + 15 + -33).
4
Calculate 4 - 2 - (-3 - -1).
4
(-4 + -1 - -6) + (-8 - -1)
-6
What is the value of (16 - 5) + -10 - 6?
-5
What is the value of 1 + (0 - 6 - -3)?
-2
What is -8 - -4 - (-1 + 4 - 6)?
-1
What is (-4 - 0) + -12 + 7 - -1?
-8
Calculate 0 + (0 - 2) + 6 + -3.
1
-4 - (-7 - -3 - -4)
-4
Calculate 0 + 0 - (0 + 1) - -4.
3
Evaluate 12 - (-3 + 5 - -10).
0
Evaluate 156 + -159 - (2 + 0 + -3).
-2
Evaluate 16 + -8 - 0 - 9.
-1
What is the value of (-2 - -7) + (-3 - (-3 - -3))?
2
What is the value of -6 - -5 - -5 - (-11 + 17)?
-2
Evaluate (-4 + 5 - 3) + 6.
4
What is -2 + 5 - (0 + -2 + 0)?
5
What is the value of 50 - 63 - (-16 - 3)?
6
Calculate (-2 - (0 + 3)) + 18 + -12.
1
What is -8 - (-2 + -5) - -2?
1
1 - (-1 + -1 + (4 - 2))
1
Evaluate 0 - 1 - (1 + -6).
4
Calculate 1 + 2 + (-1 - -3).
5
-28 - -31 - (1 - 3)
5
Calculate -1 + 4 - (2 + 2 + -1).
0
Calculate -2 + 2 + (-1 - -10).
9
Calculate -22 + 11 + (2 - -2 - -3).
-4
What is 6 - 2 - (-6 + 4 + 3)?
3
Evaluate 2 - ((11 - (5 - 1)) + -9).
4
Calculate -10 - (4 + -14) - (1 - -4).
-5
Evaluate 4 - (6 - 3) - (-2 - 0).
3
-2 + (-1 + 0 - 0)
-3
Calculate -1 - (-1 + 1 + -4).
3
What is the value of -2 + 1 + 2 + -3?
-2
Evaluate (-3 - -7 - 3) + -1.
0
What is 7 + -11 - (2 + (-1 - 1))?
-4
What is 2 + (5 - 1) + -2?
4
Calculate 38 - 47 - (-3 + 0).
-6
Calculate 3 + (-2 - -2) - (0 - -1).
2
What is the value of -1 + 5 - (20 - 20)?
4
What is 5 - (6 + -2 - -4 - 1)?
-2
Calculate 0 + (-2 - -3) + -3.
-2
What is the value of -2 - ((-2 - (1 + -2)) + 1)?
-2
Evaluate -15 + -1 + 8 + -1 + 2.
-7
What is the value of -2 + 7 + (-2 - 1)?
2
Calculate (1 - 4) + (7 - 3) + 4.
5
Calculate -2 + (1 - 1) + 4 + 2.
4
0 - 0 - (54 - 53)
-1
Calculate 5 - 5 - (0 - (-2 - 0)).
-2
Evaluate -22 + 20 - (0 + 4).
-6
-2 - ((-2 - -3) + -4 + 1)
0
Evaluate 2 + 5 - 15 - -7.
-1
(10 + -5 - (5 + 3)) + 1
-2
Calculate 1 - (-1 - (5 + 0 - 3)).
4
Evaluate -4 + (-3 + 0 - (0 - 3)).
-4
What is the value of 1 + (-3 - -4) + 3?
5
What is the value of 6 + (8 - 19) + 2 + -3?
-6
Calculate -1 + 0 + -4 + 8.
3
(5 - (8 + -5)) + -5 + 0
-3
(4 - -3) + (-4 - 3) + 4
4
Calculate (1 - -4 - 6) + -5 - -1.
-5
What is the value of -2 + 0 + 8 - (-1 + 5)?
2
Evaluate 7 + -14 + (15 - 7).
1
What is -5 + 5 + -3 + 5?
2
Calculate 5 + 3 + (3 - 10).
1
Calculate 5 - 12 - -5 - -2.
0
Evaluate 0 + 0 - (-24 - -18).
6
Calculate 12 + -5 - 4 - -1.
4
Calculate (0 - 1) + -25 + 22.
-4
-3 - ((-5 - -3) + -2) - -9
10
What is 13 + (-1 + -5 - (0 - -1))?
6
Evaluate -18 + 6 + (5 - -1).
-6
31 + -26 + -4 + 1
2
10 - 7 - (3 + -1)
1
What is the value of 9 - 5 - (-4 - -4)?
4
Evaluate -3 + (10 - (-1 + 1 + 5)).
2
4 + -11 + 0 - (0 + 2)
-9
Calculate 1 - (5 + -5 - -6).
-5
Evaluate -3 + -2 + 4 + -1.
-2
Evaluate -1 + 2 - (1 - 4).
4
Calculate 0 + 3 - (-3 - (-1 - 4)).
1
What is (9 - 16 - 0) + 2?
-5
Evaluate 3 + -1 + 1 + 9 + -19.
-7
Calculate -13 - -19 - (-1 + 2 + 1).
4
What is 1 - 0 - (-18 + 22)?
-3
Calculate -2 + 5 + (-7 - 0 - -3).
-1
What is the value of 5 - (0 + 5 - (-1 + -1))?
-2
Evaluate (2 - -2) + -1 + -3 + -4.
-4
What is the value of 0 - 3 - (-4 - (-9 + 6))?
-2
Evaluate 9 + -15 + 15 + -4 - 0.
5
Evaluate -1 + 13 + -8 + -7.
-3
What is (31 - 26) + 2 + 0 + -3?
4
Calculate 0 + -10 + -3 + 19.
6
What is the value of 17 - (-6 + 6 + 10)?
7
Calculate (-9 - (-17 - 0)) + -16.
-8
What is the value of -1 + 2 - (-3 - 1)?
5
What is the value of -9 - (-7 - 19) - 10?
7
Evaluate 7 + (1 - 14) + (4 - 8).
-10
Calculate 5 + (-6 + 1 - -10 - 6).
4
What is the value of (23 - 10 - 17) + -6?
-10
Evaluate 4 + -2 + -5 + (1 - -1).
-1
-11 - ((-20 - -5) + -1)
5
Calculate 0 - -5 - (7 + -3).
1
Calculate (4 - -7) + -4 - 2.
5
What is 5 + (-4 - -4) + -2?
3
(-7 - (-3 - 2)) + 1
-1
4 - (-12 + 13 + -4 + 1)
6
What is -10 - ((7 - (7 - -1)) + -6)?
-3
7 + -5 + (-3 - -1) + 1
1
-7 - (-2 - -10) - (-7 + 1)
-9
Evaluate -32 - -36 - (7 + 0).
-3
What is the value of -4 - ((-6 - 2) + 7)?
-3
What is 3 + 2 + -3 + (0 - -1)?
3
(5 - (5 + 1)) + 2
1
What is the value of 1 + -4 + 0 + -1 + -1?
-5
-4 + (-2 - 0) + (17 - 8)
3
(-2 - (0 - -3)) + 8
3
Calculate 10 + (1 - (1 - -7)).
3
Evaluate -14 + 9 - (-4 - 5).
4
Calculate -6 - (3 + -2 - (4 - 1)).
-4
Evaluate -1 + -1 - (5 + -5).
-2
Calculate 2 + -6 + (15 - 4).
7
Evaluate (-6 - -4) + 0 + 3.
1
Evaluate -2 + 1 + -5 + 0 + 4.
-2
What is the value of -14 + 12 + (-2 - 1)?
-5
What is -4 + -1 + 2 + 1 + -1?
-3
Calculate 1 + 1 + -1 + (-9 - -8).
0
1 + 2 + 0 + -1 - 3
-1
What is the value of -45 + 40 + (7 - 1)?
1
-2 - (-6 - 0) - 3
1
0 - ((22 - 11) + -16)
5
Evaluate (1 - 0) + 3 + (-10 - -5).
-1
Calculate 3 + (-4 - 0 - 2) - -10.
7
What is (5 - 0) + -7 + -1?
-3
What is 7 - -2 - (5 + 1)?
3
Evaluate -2 - (9 + -3 - 11).
3
What is -2 + -4 + 1 + 5?
0
What is the value of (6 - 2) + (4 - 2) + -7?
-1
What is the value of (-19 - -9) + 11 + -9?
-8
What is the value of 125 + -118 - (-1 + 0)?
8
-3 + (0 + -6 - (34 + -37))
-6
Calculate 3 + (7 - 3) - 5.
2
Calculate 2 - (-4 - (-14 + 3 - -4)).
-1
What is the value of -15 + (-1 - -6) - -3?
-7
What is (1 - -1) + (-71 - -68) + -7?
-8
Evaluate 2 + (-2 - -7) + -6.
1
Evaluate 5 + (-11 - (4 - 9)).
-1
What is the value of -3 - ((-9 + 0 - 0) + 2)?
4
0 + -8 + 6 + 4
2
Evaluate (0 - 7) + (-1 - -9 - 4).
-3
Calculate 2 + (-1 - -1) + (-6 - -3).
-1
What is the value of (-6 - (-1 + -4)) + 5?
4
-5 - ((-6 - -3) + (-2 - -4))
-4
12 - ((-3 - -12) + 10)
-7
Calculate 8 + -24 + 1 + 10.
-5
-9 - (-4 - -14 - 13)
-6
Calculate 2 + (3 - 5 - 3).
-3
Calculate 19 - 10 - (3 - -1).
5
What is the value of -14 + 3 + (14 - 8)?
-5
What is (8 - 0) + -2 + -2?
4
(-7 - 1) + -1 + 1
-8
Calculate 4 + 0 + -2 + 6 + -3.
5
What is 2 + -5 - 2 - (-4 + 2)?
-3
What is the value of 3 - (5 + -5 + 7)?
-4
What is the value of -13 + 21 - (2 - (-2 - -1))?
5
What is (9 + -4 - 0 - -4) + -16?
-7
Calculate -2 + 7 + -11 + 1 - -11.
6
What is 8 + 2 + 7 + -14?
3
What is the value of 1 + -5 - (6 - (0 + 6))?
-4
What is the value of 2 + -5 + 8 + -8?
-3
Calculate -2 + -4 + 5 + 11.
10
Evaluate -7 - (-2 - 1 - 0).
-4
(-3 - 2 - -7) + -2 + 3
3
Evaluate (2 - 8) + -2 - -12.
4
(-15 - (4 - 11)) + 4
-4
Evaluate -20 - -25 - (4 - -1).
0
What is the value of 11 - 6 - (0 - -6)?
-1
(-1 - -2) + 3 + -5 - -2
1
Calculate (0 - -6) + (11 - (10 + 3)).
4
What is 1 + -7 + (12 - (20 + -10))?
-4
What is the value of -7 - (0 - (12 + -1))?
4
What is the value of (-5 - (0 + -5)) + 2?
2
What is the value of (-1 - -1) + (3 - 3) + 3?
3
What is (10 - (1 + 21)) + 2?
-10
-13 + (-6 + 32 - 7)
6
Calculate -3 - ((1 - 3) + -1) - -3.
3
Evaluate (-7 - 4) + 35 + -17.
7
Evaluate (-13 - -7) + 11 + 3.
8
What is the value of -2 + 4 + (-4 - -5) + -8?
-5
Calculate 0 + -7 + -3 + 7.
-3
2 + (3 + -4 - 1)
0
What is (1 - (1 + -2 - 3)) + -3?
2
Evaluate 1 - (2 + -5 + 1).
3
Evaluate 4 + (-1 + 4 - 2 - 8).
-3
What is -4 - (4 - 11 - 0)?
3
1 + 4 + (-3 - 1)
1
Calculate 2 + -3 + 0 + 3 + -5.
-3
What is the value of (2 + 1 - 2) + 1?
2
(-2 - (-3 - -5) - -10) + -3
3
Evaluate (3 - (4 + 3)) + (1 - 0).
-3
What is the value of (-3 - (1 + -1 + -5)) + -4?
-2
(10 - (20 - 8)) + (-4 - -1)
-5
What is -12 + (7 - -7) + -9?
-7
(5 - 6) + -7 - (4 + -8)
-4
Evaluate (-16 + 20 - -8) + (-7 - -1).
6
What is -2 + (-4 + 0 - (6 + -12))?
0
What is 3 - 1 - -2 - 7?
-3
Calculate -2 - (-1 - (7 - 3)).
3
What is the value of 1 - (3 + 1) - 0?